 624 a multiple of 16?
True
Is 11276 a multiple of 17?
False
Is 3900 a multiple of 25?
True
Is 29 a factor of 145?
True
Is 18 a factor of 18?
True
Is 128 a multiple of 32?
True
Is 58 a factor of 6844?
True
Is 7 a factor of 63?
True
Is 97 a multiple of 13?
False
Does 42 divide 74891?
False
Is 868 a multiple of 31?
True
Is 1338 a multiple of 5?
False
Is 14960 a multiple of 88?
True
Does 58 divide 3787?
False
Is 204 a multiple of 6?
True
Is 5 a factor of 217?
False
Does 57 divide 18467?
False
Is 26 a factor of 37830?
True
Does 14 divide 7606?
False
Does 29 divide 6119?
True
Is 43 a factor of 1247?
True
Is 24 a factor of 91425?
False
Is 828 a multiple of 6?
True
Is 11 a factor of 232?
False
Does 66 divide 3441?
False
Is 77303 a multiple of 23?
True
Does 18 divide 72936?
True
Is 28 a factor of 109256?
True
Does 26 divide 55666?
True
Does 14 divide 643?
False
Does 4 divide 115?
False
Does 79 divide 11455?
True
Does 11 divide 2354?
True
Is 371 a multiple of 39?
False
Does 4 divide 5712?
True
Is 9321 a multiple of 22?
False
Is 24 a factor of 479?
False
Is 7200 a multiple of 24?
True
Is 27234 a multiple of 17?
True
Is 3836 a multiple of 2?
True
Does 18 divide 306?
True
Does 171 divide 5620?
False
Does 10 divide 9270?
True
Is 7956 a multiple of 11?
False
Is 1063 a multiple of 57?
False
Is 690 a multiple of 46?
True
Is 1876 a multiple of 28?
True
Is 23 a factor of 3556?
False
Does 9 divide 21445?
False
Is 206 a factor of 10483?
False
Is 12 a factor of 4044?
True
Is 19665 a multiple of 30?
False
Is 432 a multiple of 8?
True
Is 4237 a multiple of 9?
False
Is 4936 a multiple of 18?
False
Does 22 divide 4422?
True
Is 888 a multiple of 15?
False
Is 70 a factor of 103670?
True
Is 23 a factor of 41398?
False
Is 7 a factor of 11121?
False
Does 23 divide 4899?
True
Does 72 divide 985?
False
Does 112 divide 224?
True
Is 39180 a multiple of 238?
False
Is 54 a factor of 588?
False
Does 40 divide 1080?
True
Is 13 a factor of 40716?
True
Does 22 divide 8096?
True
Is 27374 a multiple of 25?
False
Does 39 divide 43407?
True
Is 50325 a multiple of 305?
True
Is 1900 a multiple of 76?
True
Is 5 a factor of 379?
False
Does 34 divide 536?
False
Is 945 a multiple of 21?
True
Does 20 divide 6400?
True
Does 24 divide 58?
False
Does 2 divide 276?
True
Is 53676 a multiple of 378?
True
Does 59 divide 187?
False
Is 8470 a multiple of 55?
True
Is 3094 a multiple of 14?
True
Is 52 a factor of 3953?
False
Is 11 a factor of 28492?
False
Is 8 a factor of 7929?
False
Is 29 a factor of 3219?
True
Is 23 even?
False
Is 1406 a multiple of 19?
True
Is 18 a factor of 558?
True
Is 189 a multiple of 63?
True
Is 1287 a multiple of 11?
True
Is 789 a multiple of 75?
False
Is 19 a factor of 774?
False
Is 29 a factor of 651?
False
Is 3328 a multiple of 32?
True
Is 34 a factor of 3604?
True
Is 316 a multiple of 13?
False
Is 53 a factor of 583?
True
Is 13958 a multiple of 21?
False
Is 12 a factor of 2028?
True
Is 18113 a multiple of 23?
False
Is 3 a factor of 936?
True
Is 3741 a multiple of 87?
True
Is 1685 a multiple of 25?
False
Is 317 a multiple of 3?
False
Is 58560 a multiple of 48?
True
Is 21 a factor of 86?
False
Is 81281 a multiple of 16?
False
Is 59 a factor of 35262?
False
Does 165 divide 62370?
True
Is 45 a multiple of 15?
True
Is 9 a factor of 6120?
True
Is 1558 a multiple of 82?
True
Does 16 divide 13308?
False
Is 44601 a multiple of 25?
False
Is 112 a multiple of 11?
False
Is 6690 a multiple of 30?
True
Is 1358 a multiple of 13?
False
Is 37 a factor of 740?
True
Is 164 a factor of 3335?
False
Is 32428 a multiple of 121?
True
Is 9450 a multiple of 63?
True
Is 348 a multiple of 12?
True
Does 22 divide 50253?
False
Is 885 a multiple of 59?
True
Is 504 a multiple of 9?
True
Is 68 a factor of 1635?
False
Does 15 divide 2805?
True
Is 10 a factor of 1900?
True
Is 18445 a multiple of 51?
False
Is 36732 a multiple of 78?
False
Does 101 divide 41006?
True
Is 216 a factor of 39873?
False
Is 13406 a multiple of 155?
False
Does 227 divide 51467?
False
Is 20 a factor of 376?
False
Does 70 divide 7210?
True
Is 4 a factor of 433?
False
Is 18 a factor of 1296?
True
Is 11 a factor of 18528?
False
Is 314 even?
True
Is 62 a factor of 65286?
True
Is 346 a multiple of 6?
False
Is 12213 a multiple of 90?
False
Is 28254 a multiple of 51?
True
Is 650 a multiple of 25?
True
Is 549 a multiple of 21?
False
Is 1590 a multiple of 106?
True
Is 970 a multiple of 24?
False
Is 4 a factor of 230?
False
Is 18 a factor of 2921?
False
Is 9 a factor of 2938?
False
Is 56 a factor of 1120?
True
Does 3 divide 282?
True
Does 27 divide 37152?
True
Does 74 divide 17709?
False
Does 12 divide 829?
False
Does 25 divide 10843?
False
Is 4395 a multiple of 5?
True
Is 13478 a multiple of 23?
True
Does 59 divide 19411?
True
Is 6 a factor of 25158?
True
Is 20491 a multiple of 6?
False
Is 21 a factor of 3986?
False
Does 6 divide 328?
False
Is 21 a factor of 6615?
True
Does 91 divide 1911?
True
Is 30 a factor of 152?
False
Is 714 a multiple of 8?
False
Does 8 divide 976?
True
Does 97 divide 1197?
False
Is 35642 a multiple of 35?
False
Does 9 divide 3035?
False
Is 8819 a multiple of 21?
False
Is 148 a factor of 1628?
True
Does 98 divide 1176?
True
Is 236 a factor of 19116?
True
Is 14 a factor of 23864?
False
Is 65 a factor of 41665?
True
Does 51 divide 459?
True
Does 14 divide 4432?
False
Does 27 divide 459?
True
Is 16857 a multiple of 43?
False
Is 107 a factor of 107?
True
Is 81 a factor of 3564?
True
Is 11007 a multiple of 205?
False
Is 48672 a multiple of 117?
True
Does 17 divide 222?
False
Does 18 divide 35854?
False
Is 43 a factor of 1763?
True
Is 80 a multiple of 10?
True
Is 18 a factor of 202?
False
Is 1701 a multiple of 27?
True
Is 3060 a multiple of 18?
True
Is 205 a multiple of 16?
False
Is 20420 a multiple of 15?
False
Is 45 a factor of 815?
False
Does 8 divide 685?
False
Is 2565 a multiple of 45?
True
Is 42 a factor of 1777?
False
Does 5 divide 108?
False
Does 47 divide 1365?
False
Is 386 a multiple of 8?
False
Is 13452 a multiple of 177?
True
Is 1022 a multiple of 23?
False
Is 3 a factor of 139?
False
Is 20 a factor of 580?
True
Is 7 a factor of 6364?
False
Does 31 divide 1753?
False
Does 26 divide 5512?
True
Is 9314 a multiple of 16?
False
Is 19 a factor of 1862?
True
Is 73 a factor of 3139?
True
Does 14 divide 452?
False
Is 21269 a multiple of 46?
False
Is 740 a multiple of 48?
False
Does 16 divide 711?
False
Is 41 a factor of 4874?
False
Is 7462 a multiple of 14?
True
Is 18 a factor of 6086?
False
Is 212 a factor of 34611?
False
Is 43 a factor of 7224?
True
Is 609 a multiple of 21?
True
Does 97 divide 32786?
True
Is 125 a factor of 5000?
True
Is 7 a factor of 139?
False
Is 32 a factor of 11814?
False
Is 3332 a multiple of 35?
False
Is 11993 a multiple of 19?
False
Does 2 divide 25?
False
Is 37 a factor of 11100?
True
Is 32 a factor of 608?
True
Does 11 divide 28699?
True
Is 34 a factor of 1496?
True
Does 44 divide 17600?
True
Is 135 a multiple of 8?
False
Is 3435 a multiple of 12?
False
Does 80 divide 112764?
False
Does 13 divide 22984?
True
Is 55080 a multiple of 45?
True
Is 23 a factor of 92?
True
Is 2 a factor of 28124?
True
Is 13972 a multiple of 23?
False
Is 775 a multiple of 19?
False
Is 37445 a multiple of 12?
False
Is 11 a factor of 23412?
False
Does 10 divide 210?
True
Does 22 divide 1218?
False
Is 880 a multiple of 11?
True
Does 13 divide 3473?
False
Is 4545 a multiple of 15?
True
Does 2 divide 425?
False
Is 64 a factor of 609?
False
Is 75 a factor of 11956?
False
Is 71 a factor of 497?
True
Is 17 a factor of 33983?
True
Is 12 a factor of 10848?
True
Does 14 divide 3686?
False
Does 38 divide 32300?
True
Does 49 divide 441?
True
Is 1547 a multiple of 13?
True
Does 12 divide 12120?
True
Does 164 divide 10184?
False
Does 10 divide 45320?
True
Is 47 a factor of 32665?
True
Is 18068 a multiple of 22?
False
Is 22 a factor of 17160?
True
Is 15 a factor of 16939?
False
Is 72 a factor of 30528?
True
Does 24 divide 9432?
True
Is 775 a multiple of 31?
True
Is 75 a multiple of 17?
False
Does 13 divide 1144?
True
Does 12 divide 5846?
False
Is 4 a factor of 3963?
False
Does 9 divide 197?
False
Does 78 divide 22697?
False
Is 9 a factor of 1530?
True
Is 56978 a multiple of 13?
False
Is 104 a multiple of 13?
True
Is 273 a multiple 